- 2 - 6 = 0. Let a(j) = -j**3 - 5*j**2 - 2*j - 7. Let s be a(-5). Is 161 - (-3)/f - s a composite number?
False
Let p(m) = -m**3 + 8*m**2 - 6*m + 9. Let j = 4 + 1. Suppose -h = -j + 1. Is p(h) composite?
True
Let p = -1107 + 7854. Let q = p + -4320. Is q a prime number?
False
Let h(k) = 126*k**2 - 3. Let p be h(-3). Suppose -414 + p = g. Is g a composite number?
True
Suppose -10*c - 11056 = -14*c. Suppose -c + 531 = -7*q. Is q a prime number?
False
Let r = 25 - 28. Let w = 8 + r. Suppose 2028 = 4*j + w*s - 4241, -15 = -3*s. Is j prime?
False
Suppose 17 + 3 = 4*i. Let x be ((-6)/i)/((-3)/10). Suppose 2*u - 212 = -s + 3*u, -x*s = -u - 845. Is s a composite number?
False
Suppose -25 = -5*k - 0*k - 5*z, -k + 9 = 5*z. Let o be k - 139*(-6)/(-3). Is (90/(-4))/9*o prime?
False
Let v be 12/(-8) + 36/8. Is 414 - (-4 - -2) - v a prime number?
False
Let m = -2 - 7. Let s be (-4)/(-8)*-6*2. Is ((-460)/s)/((-6)/m) prime?
False
Let v(o) = 3*o + 9*o**2 - 8*o + 10*o + 4*o**2 + 6. Let p be v(-4). Suppose -2*h = 8, -4*j + 5*h = p - 866. Is j a composite number?
False
Suppose 0 = -5*l + 3*l + 2658. Let m = 795 - l. Let r = m - -935. Is r prime?
True
Let k(r) be the second derivative of r**4/4 + r**3/2 - 3*r**2/2 + 12*r. Is k(-10) prime?
False
Let y = -121 + 123. Suppose -b = -5*a - 2762, 3556 + 1975 = y*b - 3*a. Is b composite?
False
Let l = 881 + -496. Suppose l = -z + 6*z. Is z composite?
True
Let n(q) be the second derivative of 59*q**5/30 + 7*q**3/6 + q**2 + q. Let u(z) be the first derivative of n(z). Is u(3) prime?
True
Let l = -59152 + 103761. Is l a prime number?
False
Let h(t) = t**2 + 6*t - 10. Let g be h(-8). Suppose -n = -g*n + 290. Is n a composite number?
True
Suppose 72*x - 61*x = 48499. Is x composite?
False
Is (1 - -1)*(2 + (-2580368)/(-32)) a composite number?
True
Suppose -3*v - 5*l + 47 = 0, v - 9 = 2*l + 3*l. Suppose 4*j + 2 - v = 0. Suppose 0 = 5*b - 4*i - 7, -j*b - 1 = 5*i - 20. Is b a prime number?
True
Suppose 60*y - 53*y = 57757. Is y a prime number?
False
Let b(d) = -2*d**3 + 29*d**2 + 22*d - 14. Let u(j) = j + 14. Let v be u(-11). Let p(w) = w**3 - 14*w**2 - 11*w + 7. Let m(s) = v*b(s) + 7*p(s). Is m(12) prime?
True
Let j(c) be the third derivative of -7*c**6/45 + 13*c**5/120 - 3*c**4/8 + 7*c**2. Let w(s) be the second derivative of j(s). Is w(-6) composite?
True
Suppose 162173 = 20*w - 171207. Is w composite?
True
Let t = 6972 - 2438. Is t a composite number?
True
Suppose -2*v = 4*d + 3*v - 6187, 3*d - 4641 = -4*v. Is d prime?
True
Let a(r) = -119*r**3 + 8*r**2 + 8*r + 2. Is a(-3) a prime number?
False
Suppose 0 = 297*k - 303*k + 229302. Is k a composite number?
True
Let t(p) = -10*p**2 - 5*p + 2. Let k be t(2). Let n = k + 107. Let f = -22 + n. Is f a composite number?
False
Suppose 52 = 3*s - 2*v, -5*s - 3*v + 38 = -17. Is (s/(-21))/(4/(-6))*5087 a composite number?
False
Suppose 6*q - 2463 = -3*l + q, -5*q = 0. Is l a composite number?
False
Suppose -5*h - 2 = -6*h. Suppose 3*a - h = 4. Let p(z) = 23*z**3 + 2*z**2 - 4*z + 3. Is p(a) a prime number?
False
Let z = -53 - -31. Suppose 0 = -o - o + 30. Let q = o - z. Is q composite?
False
Suppose 6*z + 37 + 83 = 0. Let h(r) = -2*r**2 - 2*r - 1. Let g be h(-1). Is (1784/32)/(g/z) a prime number?
False
Is (9 - -1)*6*120284/48 prime?
False
Let t(m) = 388*m - 35. Is t(12) a composite number?
False
Suppose -5*j + 743 = -247. Suppose -d = d + j. Let c = d - -182. Is c a prime number?
True
Let s(p) = p**3 - 6*p**2 + 13*p - 5. Let i = 10 + -6. Suppose -i*t + 6 = -30. Is s(t) a composite number?
True
Suppose 5*b + 555 = -5*o + 4*o, 5*b + 3*o + 565 = 0. Let y = -59 - b. Is y a prime number?
False
Let d be (-16)/(-40) + 16023/5. Let n = d - 1728. Is n a prime number?
False
Suppose -12 = -5*g - 2*z, 4*z = -4*g - z + 13. Suppose -3*f = g*f - 175. Is f a prime number?
False
Let g(s) = 3*s**3 - 2*s**2 + 2*s - 3. Let l be g(2). Let t = -5 + l. Is 1140/t + 0 + 0 prime?
False
Let j be (-8)/3*(-3)/4. Let l(k) = 6*k - 8 + 15*k**j - k + 1. Is l(3) composite?
True
Let f(s) = -s**3 + 4*s**2 - 4*s. Let o be f(3). Is 3/o + 0 - -98 prime?
True
Suppose -4*r - 26 = -4*l - 6*r, 0 = -r + 5. Suppose 5*t - 608 = -4*f, 4*f + l*t = 2*f + 298. Is f a composite number?
False
Suppose -y + 8 = 3*y. Let a be (158/3)/(8/60). Suppose a = 3*z + y*z. Is z a composite number?
False
Suppose 60 = -2*u - 5*w, 0 = 4*w + 2 + 6. Let x = u - -24. Let t(a) = -179*a + 2. Is t(x) composite?
False
Let d = 665 + -285. Let h = d + -63. Is h prime?
True
Suppose -2*h - 10 = -10. Suppose -10*v + 11*v - 647 = h. Is v a prime number?
True
Suppose 166820 = 6*s + 29090. Is s a prime number?
False
Let r(l) = -146*l - 1. Let m(a) = -584*a - 3. Let w(p) = 2*m(p) - 9*r(p). Let q be w(2). Let c = 422 - q. Is c a composite number?
False
Suppose -6*u + 13303 - 4261 = 0. Is u a composite number?
True
Let a(r) = -1 + 8*r - 5*r + 3*r. Let m(s) = 7*s. Let i(c) = 3*a(c) - 2*m(c). Is i(7) a composite number?
True
Let n = -51832 + 95985. Is n a composite number?
True
Suppose -m + 3*m + 4084 = -2*w, 3*w + m = -6136. Suppose -6*v + 1783 = 10291. Let i = v - w. Is i prime?
False
Let l(i) be the second derivative of i**4/12 - i**3 - 5*i**2 + 4*i. Let m be l(11). Is -10 + m - 2*2 composite?
False
Let p be 1/(((-4)/(-5))/4). Let d(c) = c**3 - 4*c**2 - 4*c - 5. Let v be d(p). Suppose v*b + 1492 = 4*b. Is b a composite number?
False
Let k = -41151 + 88688. Is k a prime number?
False
Let f = -13908 + 23195. Is f composite?
True
Suppose r - 7*q - 16301 = -3*q, 0 = r - 3*q - 16299. Is r a prime number?
False
Let s(i) = 371*i**2 + 4*i. Is s(-3) prime?
False
Let p(i) = -23*i + 16. Let x be (-2)/(-4) + (-15)/2. Let w be p(x). Suppose -4*t = -7*t + w. Is t composite?
False
Let l(u) = -u**3 + 7*u**2 + 10*u + 9. Let w be l(8). Suppose 0 = -23*f + w*f - 402. Suppose 10 = n - f. Is n prime?
True
Let w(j) be the second derivative of j**3/6 - 5*j. Let z be w(5). Is ((-2)/(-2))/(z/1055) composite?
False
Suppose 1 = 2*q - 5, -2*q + 2291 = 5*t. Suppose -1013 = -3*j - 2*b, 212 = 2*j - 5*b - t. Is j a composite number?
False
Let q = -229 - -243. Is q prime?
False
Suppose 4*b + 754 = 2*b. Let t = -250 - b. Is t a prime number?
True
Suppose -5*b + 12 = -2*d - 16, b - 8 = d. Suppose 3*c - b*c + 67 = 0. Is c prime?
True
Let m(u) = 8*u**2 + 6*u + 2. Let w be m(-2). Suppose -6*y - w = 56. Let o(r) = -11*r. Is o(y) a prime number?
False
Suppose -4*c - 5*d + 34 = 0, 3*c + d - 9 = 11. Suppose -10*z = -c*z - 1524. Is z composite?
True
Suppose -4*v + 393 + 131 = 0. Suppose -2*d + 259 = q - 6*q, 4*q = d - v. Is d prime?
True
Suppose -234 = 15*y - 6*y. Let s = -34 - y. Is 2*1524/s*-1 prime?
False
Let n be (1 - (-1 + 2))/1. Let k(c) = 2*c - 164. Let l(t) = 3*t - 165. Let h(d) = -4*k(d) + 3*l(d). Is h(n) a composite number?
True
Suppose 0*k - 3*k + 3*n = 30, 0 = -2*n + 4. Let b(l) = -3*l**3 - 12*l**2 + 3. Let w(d) = d**3 + d**2 + d + 1. Let a(t) = -b(t) - 2*w(t). Is a(k) a prime number?
True
Suppose 106459 = 21*o - 56879. Is o a prime number?
False
Let v = -5 + 8. Let g(l) = 4*l**3 - 15*l**2 + 9*l - 6. Let h be g(6). Suppose -v*b = 3*z - h, 0*z + b = -2*z + 251. Is z prime?
True
Suppose -3*w - 10 = 5*o, -3*o + 2*o + 5*w = -26. Let r be o*0/(3 - 2). Suppose -2*z + 2 = 0, r*z - 116 = -3*t + z. Is t prime?
False
Let k = 9292 - 2897. Suppose u + 6391 = 5*y + 4*u, 0 = 5*y + 5*u - k. Is y prime?
True
Let f be (-1)/((-10)/25)*-2840. Is (f/(-8) - -1)*2 a composite number?
False
Is 7993/((6 - 1) + -4) prime?
True
Let h(x) = 448*x**3 + 2*x**2 - 17*x + 4. Is h(3) composite?
True
Let j = 10 - 6. Suppose -1479 = -3*r - j*q, 2*r - 151 = -4*q + 831. Let x = r + -238. Is x composite?
True
Suppose -32 = -3*j - 5*j. Suppose j*f - 424 = -0*f. Is f a prime number?
False
Suppose -4*c + 334 - 35 = 3*u, c = 5. Suppose -5*o + 118 = 5*f - 257, -5*f = -o + u. Suppose -3*a + 6*a - o = 0. Is a a composite number?
True
Suppose 0 = l - 370 - 32. Suppose l = 5*n - 488. Is n composite?
True
Suppose -4*u + 15950 = 3*a, 2*u - u - 3995 = 3*a. Is u prime?
True
Let s = 37 + -22. Let k = s - 12. Suppose -z + k*p = -37, 3*p = -z + 1 + 36. Is z a prime number?
True
Let f(s) = 45*s**2 - 10*s + 12. Is f(-9) composite?
True
Let v = 3824 - -3233. Is v prime?
True
Is 19710/4 + (-3)/6 a composite number?
True
Let b(l) = 16*l + 52. Let f be b(